{"id":574,"date":"2015-03-20T18:44:32","date_gmt":"2015-03-20T17:44:32","guid":{"rendered":"http:\/\/localhost:8888\/wordpress\/?page_id=22"},"modified":"2016-11-09T17:13:51","modified_gmt":"2016-11-09T16:13:51","slug":"aufarbeitung-und-neubezug-2","status":"publish","type":"page","link":"https:\/\/polsterei-reinhardt.de\/?page_id=574","title":{"rendered":"Aufarbeitung und Neubezug"},"content":{"rendered":"<p>F\u00fcr Sie&nbsp;steht eine reichhaltige Auswahl an M\u00f6belstoffen von Klassik bis Modern zur Auswahl bereit. Wir beraten Sie gern, auch bei Ihnen zu Hause. Im Rahmen dieser Beratung erarbeiten wir gemeinsam ein Konzept, wie wir ihr M\u00f6bel aufwerten k\u00f6nnen. Neben der Stoffauswahl k\u00f6nnen&nbsp;auch Designoptimierungen abgestimmt werden um ein Optimum aus ihren lieb gewonnenen St\u00fcck heraus zu holen.<\/p>\n<p>Nutzen Sie den Link &#8211;&nbsp;<strong><a href=\"http:\/\/polsterei-reinhardt.stoffkatalog.com\/\" target=\"_blank\">hier gestalten Sie ihre Polsterm\u00f6bel selbst<\/a><\/strong>&nbsp;um ein kleine Vorauswahl zu treffen.<\/p>\n<p>F\u00fcr die individuelle Gestaltung bieten wir ihnen auch&nbsp;zus\u00e4tzlich Naturleder, Rindsleder, Kunstleder, Microfaserstoffe, Rosshaarstoffe und Posamente.<\/p>\n<p><strong>Reparatur<\/strong><\/p>\n<p>Wir beheben Sch\u00e4den an ihren Polsterm\u00f6beln<\/p>\n<ul>\n<li>gebrochene Gestelle<\/li>\n<li>offene N\u00e4hte<\/li>\n<li>L\u00f6cher<\/li>\n<li>Kratzer<\/li>\n<li>Flecken<\/li>\n<li>defekte Federkerne<\/li>\n<li>weich gewordene Sitze<\/li>\n<\/ul>\n<p><strong>Neubezug<\/strong><\/p>\n<ul>\n<li>K\u00fcchensitzecken, Essecken, Polsterb\u00e4nke, Polsterst\u00fchle allgemein<\/li>\n<li>Polstergarnituren allgemein, Sofas, Couchen, Liegen, Ottomane<\/li>\n<li>Polsterhocker, Polstersessel allgemein<\/li>\n<li>B\u00fcrositzm\u00f6bel, Sitzm\u00f6bel von Konferenz- und Warter\u00e4umen, Gastst\u00e4tten und Restaurantsitzm\u00f6bel<\/li>\n<li>Stielsitzm\u00f6bel allgemein (nach genauer Absprache auch mit konservativer Verarbeitung der entsprechenden Materialien<\/li>\n<\/ul>\n","protected":false},"excerpt":{"rendered":"<p>F\u00fcr Sie&nbsp;steht eine reichhaltige Auswahl an M\u00f6belstoffen von Klassik bis Modern zur Auswahl bereit. Wir beraten Sie gern, auch bei Ihnen zu Hause. Im Rahmen dieser Beratung erarbeiten wir gemeinsam ein Konzept, wie wir ihr M\u00f6bel aufwerten k\u00f6nnen. Neben der Stoffauswahl k\u00f6nnen&nbsp;auch Designoptimierungen abgestimmt werden um ein Optimum aus ihren lieb gewonnenen St\u00fcck heraus zu [&hellip;]<\/p>\n","protected":false},"author":1,"featured_media":0,"parent":571,"menu_order":0,"comment_status":"open","ping_status":"open","template":"","meta":{"ngg_post_thumbnail":0,"footnotes":""},"class_list":["post-574","page","type-page","status-publish","hentry"],"_links":{"self":[{"href":"https:\/\/polsterei-reinhardt.de\/index.php?rest_route=\/wp\/v2\/pages\/574","targetHints":{"allow":["GET"]}}],"collection":[{"href":"https:\/\/polsterei-reinhardt.de\/index.php?rest_route=\/wp\/v2\/pages"}],"about":[{"href":"https:\/\/polsterei-reinhardt.de\/index.php?rest_route=\/wp\/v2\/types\/page"}],"author":[{"embeddable":true,"href":"https:\/\/polsterei-reinhardt.de\/index.php?rest_route=\/wp\/v2\/users\/1"}],"replies":[{"embeddable":true,"href":"https:\/\/polsterei-reinhardt.de\/index.php?rest_route=%2Fwp%2Fv2%2Fcomments&post=574"}],"version-history":[{"count":11,"href":"https:\/\/polsterei-reinhardt.de\/index.php?rest_route=\/wp\/v2\/pages\/574\/revisions"}],"predecessor-version":[{"id":970,"href":"https:\/\/polsterei-reinhardt.de\/index.php?rest_route=\/wp\/v2\/pages\/574\/revisions\/970"}],"up":[{"embeddable":true,"href":"https:\/\/polsterei-reinhardt.de\/index.php?rest_route=\/wp\/v2\/pages\/571"}],"wp:attachment":[{"href":"https:\/\/polsterei-reinhardt.de\/index.php?rest_route=%2Fwp%2Fv2%2Fmedia&parent=574"}],"curies":[{"name":"wp","href":"https:\/\/api.w.org\/{rel}","templated":true}]}}