{"id":571,"date":"2015-03-20T18:28:37","date_gmt":"2015-03-20T17:28:37","guid":{"rendered":"http:\/\/localhost:8888\/wordpress\/?page_id=9"},"modified":"2016-11-14T17:57:22","modified_gmt":"2016-11-14T16:57:22","slug":"polsterei-und-autosattlerei","status":"publish","type":"page","link":"https:\/\/polsterei-reinhardt.de\/?page_id=571","title":{"rendered":"Werkstatt"},"content":{"rendered":"<p>Werfen Sie ihre alten Polsterm\u00f6bel nicht gleich weg! Sie werden staunen was wir aus ihren lieb gewonnenen M\u00f6beln wieder machen k\u00f6nnen.<\/p>\n<p>Fast t\u00e4glich werden wir von Kunden mit dieser Frage konfrontiert: \u201eLohnt sich das f\u00fcr unsere ALTE noch?\u201c Diese Frage beantworten wir immer mit einem klaren \u201eJA!\u201c Denn das Thema \u201eWerterhaltung\u201c wird bei uns gro\u00dfgeschrieben. Einmal ein qualitativ hochwertiges M\u00f6belst\u00fcck angeschafft, kann das nach Jahren durch unsere fachgerechte und individuelle Aufarbeitung zu einer \u201eNeuen\u201c werden, die meist g\u00fcnstigere Alternative zum Neukauf. Auch im Bereich der Autosattlerei lohnt sich oft eine individuelle Polsterung.<\/p>\n<p>Unsere Arbeiten der Sattlerei und der Polsterei umfassen alle Arten von Auf- und Umarbeitung, Neuanfertigung und Restauration von Polsterm\u00f6beln, St\u00fchlen, Eckb\u00e4nken, Betten usw.<\/p>\n<p>W\u00e4hlen Sie aus \u00fcber zehntausend Stoffen und gestalten Sie ihre M\u00f6bel selbst.<\/p>\n","protected":false},"excerpt":{"rendered":"<p>Werfen Sie ihre alten Polsterm\u00f6bel nicht gleich weg! Sie werden staunen was wir aus ihren lieb gewonnenen M\u00f6beln wieder machen k\u00f6nnen. Fast t\u00e4glich werden wir von Kunden mit dieser Frage konfrontiert: \u201eLohnt sich das f\u00fcr unsere ALTE noch?\u201c Diese Frage beantworten wir immer mit einem klaren \u201eJA!\u201c Denn das Thema \u201eWerterhaltung\u201c wird bei uns gro\u00dfgeschrieben. [&hellip;]<\/p>\n","protected":false},"author":1,"featured_media":0,"parent":0,"menu_order":0,"comment_status":"open","ping_status":"open","template":"","meta":{"ngg_post_thumbnail":0,"footnotes":""},"class_list":["post-571","page","type-page","status-publish","hentry"],"_links":{"self":[{"href":"https:\/\/polsterei-reinhardt.de\/index.php?rest_route=\/wp\/v2\/pages\/571","targetHints":{"allow":["GET"]}}],"collection":[{"href":"https:\/\/polsterei-reinhardt.de\/index.php?rest_route=\/wp\/v2\/pages"}],"about":[{"href":"https:\/\/polsterei-reinhardt.de\/index.php?rest_route=\/wp\/v2\/types\/page"}],"author":[{"embeddable":true,"href":"https:\/\/polsterei-reinhardt.de\/index.php?rest_route=\/wp\/v2\/users\/1"}],"replies":[{"embeddable":true,"href":"https:\/\/polsterei-reinhardt.de\/index.php?rest_route=%2Fwp%2Fv2%2Fcomments&post=571"}],"version-history":[{"count":15,"href":"https:\/\/polsterei-reinhardt.de\/index.php?rest_route=\/wp\/v2\/pages\/571\/revisions"}],"predecessor-version":[{"id":1000,"href":"https:\/\/polsterei-reinhardt.de\/index.php?rest_route=\/wp\/v2\/pages\/571\/revisions\/1000"}],"wp:attachment":[{"href":"https:\/\/polsterei-reinhardt.de\/index.php?rest_route=%2Fwp%2Fv2%2Fmedia&parent=571"}],"curies":[{"name":"wp","href":"https:\/\/api.w.org\/{rel}","templated":true}]}}